at is k(50)?
-6
Let z(t) = t**3 - t**2 - 2*t. What is z(2)?
0
Let o(j) = j**2 + 8*j - 18. Give o(-8).
-18
Let h(l) = l**2 + 5*l - 15. Determine h(-6).
-9
Let f(t) = 12*t + 77. Determine f(-7).
-7
Let u(h) = -2*h**2 + 23*h - 37. Calculate u(10).
-7
Let z(a) = a**2 + 12*a + 18. Calculate z(-10).
-2
Let l(f) = -f**3 + 8*f**2 + 6*f - 6. What is l(9)?
-33
Let s(a) = -a**3 + 3*a - 2. Give s(1).
0
Let s(f) = -f**3 + 11*f**2 - 10*f + 1. What is s(10)?
1
Let t(m) = m**2 - 8*m + 6. Give t(5).
-9
Let m(g) = -11*g - 178. Determine m(-17).
9
Let c(b) = b**2 - 8*b - 12. Determine c(10).
8
Let k(l) = 2*l + 17. What is k(-12)?
-7
Let x(g) = -3*g - 5. Calculate x(-5).
10
Let m(y) = -9*y + 193. Determine m(23).
-14
Let p(h) = -4*h + 46. What is p(13)?
-6
Let m(q) = -q**2 + 14*q + 28. Give m(11).
61
Let r(p) = p + 20. Give r(-33).
-13
Let r(k) = -k**3 - 4*k**2 + 8*k - 5. Give r(-6).
19
Let h(x) = 4*x - 8. Determine h(8).
24
Let k(b) = 42*b. Determine k(1).
42
Let s(p) = -2*p + 11. Calculate s(6).
-1
Let r(f) = f**2 + 18*f - 2. What is r(-14)?
-58
Let p(v) = -v**2 + 2*v + 1. Determine p(3).
-2
Let z(f) = -f**3 + 10*f**2 + 7*f - 12. Determine z(11).
-56
Let s(i) = -2*i + 26. What is s(14)?
-2
Let y(k) = -2*k**2 - 17*k - 16. Calculate y(-7).
5
Let i(o) = 54*o + 2. Determine i(-2).
-106
Let z(d) = d**3 + 4*d**2 + d + 29. What is z(-5)?
-1
Let p(l) = l**2 - 29*l - 280. Determine p(-8).
16
Let s(x) = 2*x**3 + 20*x**2 - x - 9. What is s(-10)?
1
Let n(g) = -g**3 + 31*g**2 - 32*g + 58. What is n(30)?
-2
Let k(t) = t**3 - 3*t**2 - t + 3. Calculate k(4).
15
Let x(t) = -4*t + 24. Calculate x(3).
12
Let c(s) = -s**3 - 10*s**2 - 14*s - 15. Calculate c(-8).
-31
Let v(z) = -5*z + 24. Calculate v(6).
-6
Let t(g) = -g**2 - 3*g + 22. Calculate t(3).
4
Let h(o) = -2*o**2 - 16*o - 6. Determine h(-8).
-6
Let l(c) = 3*c**3 - c**2 - c + 5. Give l(0).
5
Let o(g) = -g**3 + 5*g**2 + 6*g + 4. What is o(6)?
4
Let p(i) = -i - 18. Determine p(-4).
-14
Let w(h) = 2*h**2 + 20*h + 1. Determine w(0).
1
Let f(s) = s**3 - 10*s**2 - 11*s - 20. Determine f(11).
-20
Let n(j) = 9*j**2 - j. Determine n(1).
8
Let u(a) = -6*a + 61. Determine u(12).
-11
Let h(r) = r**3 + 4*r**2 - 2*r - 4. Calculate h(-4).
4
Let t(h) = -3*h**2 + 5*h + 2. Determine t(5).
-48
Let a(x) = 16*x**2 + 3*x - 2. Give a(1).
17
Let z(v) = -v**2 + 7*v - 6. Calculate z(5).
4
Let n(k) = -2*k + 1. Give n(0).
1
Let h(c) = 15*c**2 - 10*c - 1. Calculate h(-2).
79
Let x(c) = c**3 + 12*c**2 + 2*c + 9. Determine x(-12).
-15
Let l(c) = c**2 - 2*c - 13. Determine l(0).
-13
Let u(v) = -4*v + 81. Calculate u(20).
1
Let r(n) = -2*n**3 + 4. Give r(-4).
132
Let z(k) = -k**2 - 3*k + 10. Give z(7).
-60
Let s(r) = -4*r + 5. Give s(4).
-11
Let x(d) = d**2 + 10*d + 15. Calculate x(-6).
-9
Let c(o) = o**2 - 7*o + 8. Calculate c(8).
16
Let x(d) = d**2 - 5*d - 1. Determine x(-5).
49
Let g(v) = v**3 - 12*v**2 - 47*v + 20. Determine g(15).
-10
Let b(q) = q**3 - 5*q**2 + 4*q - 10. Give b(4).
-10
Let t(o) = -o**2 - 8*o - 8. Calculate t(-9).
-17
Let x(w) = -w - 20. Give x(0).
-20
Let c(y) = 13*y**3 + y**2. Calculate c(-1).
-12
Let g(y) = -y**2 + 7*y + 22. What is g(9)?
4
Let y(f) = -10*f + 54. Determine y(7).
-16
Let t(x) = -x**2 - 9*x - 14. Calculate t(-6).
4
Let c(f) = f**2 + 8*f + 3. Give c(-6).
-9
Let a(d) = d**3 + 6*d**2 - 6*d + 7. Give a(-7).
0
Let q(o) = 21*o + 50. Give q(-6).
-76
Let d(r) = r**2 - 23*r - 31. Calculate d(24).
-7
Let u(x) = -x**2 + 9*x - 10. Give u(9).
-10
Let q(w) = w**2 + 10*w - 3. What is q(-9)?
-12
Let v(u) = 25*u + 55. Give v(-2).
5
Let t(j) = -j**3 - j**2 - 2. Give t(0).
-2
Let s(f) = f**3 - f**2 - 2*f + 15. Give s(0).
15
Let y(h) = -8*h + 59. Give y(7).
3
Let l(h) = -63*h - 312. Give l(-5).
3
Let m(x) = x**3 + 6*x**2 + x - 7. Determine m(-3).
17
Let i(y) = 4*y**2 + 2*y + 2. What is i(-3)?
32
Let i(j) = -229*j + 914. What is i(4)?
-2
Let p(i) = 17*i - 15. Determine p(-3).
-66
Let o(x) = -x**3 + 8*x**2 - x. Give o(7).
42
Let j(x) = x**2 - 12*x + 4. Determine j(13).
17
Let k(c) = c**2 + 6*c - 2. What is k(-5)?
-7
Let g(t) = -t**2 + 8*t - 98. What is g(7)?
-91
Let q(x) = -x**3 + 13*x**2 + 6*x - 78. Determine q(13).
0
Let x(w) = -w**3 - w**2 + 105. What is x(0)?
105
Let r(h) = 5*h + 40. Calculate r(-3).
25
Let j(o) = 8*o - 43. Give j(3).
-19
Let r(p) = 13*p - 101. What is r(11)?
42
Let n(v) = -v**3 - 23*v**2 + 24*v + 4. What is n(-24)?
4
Let q(w) = -8*w - 144. Give q(-19).
8
Let x(m) = -m**3 + 13*m**2 - 12*m + 7. Give x(12).
7
Let y(b) = -b**3 - 2*b**2 + 18*b + 16. What is y(-5)?
1
Let b(a) = -5*a + 6. Calculate b(4).
-14
Let z(h) = -20*h - 189. Calculate z(-10).
11
Let u(t) = t + 19. Calculate u(-8).
11
Let z(l) = 58*l + 225. Calculate z(-4).
-7
Let n(k) = -2*k - 2. Determine n(-1).
0
Let z(k) = 5*k - 51. What is z(12)?
9
Let p(g) = -2*g**2 + 24*g - 27. What is p(12)?
-27
Let x(a) = -a**3 - 2*a**2 + 3*a - 1. Give x(-3).
-1
Let w(f) = 26*f**3 + f - 1. What is w(1)?
26
Let d(l) = l**3 - 9*l**2 - 6*l - 39. Determine d(10).
1
Let f(n) = -n**3 - n**2 + n - 2. Give f(-2).
0
Let l(r) = -r**2 - 2*r + 61. What is l(-9)?
-2
Let y(j) = -2*j + 38. Determine y(21).
-4
Let t(f) = -28*f - 13. Calculate t(-4).
99
Let d(i) = -i**3 - 6*i**2 - 7*i - 1. What is d(-5)?
9
Let h(d) = -d**3 - 3*d**2 + 5*d + 16. What is h(-4)?
12
Let c(i) = -i**3 + 9*i**2 - 8*i + 6. Give c(8).
6
Let t(r) = -r**3 - 8*r**2 - 11*r + 8. Give t(-6).
2
Let i(z) = 13*z - 172. Determine i(13).
-3
Let c(p) = p**3 + p**2 + p + 3. Give c(-2).
-3
Let v(s) = -s**3 - 8*s**2 + 8*s - 2. What is v(-9)?
7
Let b(y) = -y**3 - 16*y**2 + y + 9. What is b(-16)?
-7
Let a(l) = -29*l + 11. Determine a(3).
-76
Let m(d) = d**3 + 28*d**2 + 25*d - 40. What is m(-27)?
14
Let k(w) = w**3 - 25*w**2 + 25*w - 35. Give k(24).
-11
Let k(m) = m**3 + 2*m**2 + 20*m + 67. Determine k(-3).
-2
Let i(v) = v**3 + 4*v**2 - 2*v + 3. What is i(-4)?
11
Let l(h) = -4*h**3 + 15*h**2 - 2*h + 7. Give l(4).
-17
Let v(d) = -d**3 + 7*d**2 - 9*d + 14. What is v(6)?
-4
Let r(g) = -5*g - 32. Determine r(-4).
-12
Let g(f) = f**3 + 8*f**2 - 10*f - 10. What is g(-9)?
-1
Let o(r) = 3*r - 13. Give o(-5).
-28
Let k(g) = 6*g + 35. Calculate k(-4).
11
Let p(r) = 4*r - 8. What is p(-2)?
-16
Let w(y) = -y**3 - 9*y**2 + 10*y + 95. Give w(-9).
5
Let j(p) = 2*p**2 + 3*p - 24. Give j(6).
66
Let o(k) = -66*k - 531. What is o(-8)?
-3
Let i(r) = r**2 + 2*r - 24. Calculate i(0).
-24
Let y(g) = g**3 - 10*g**2 - 17*g - 77. Give y(12).
7
Let i(q) = -q + 11. What is i(-4)?
15
Let o(z) = z**3 - 7*z**2 - 2*z + 15. Give o(7).
1
Let m(u) = 15*u - 103. Determine m(7).
2
Let w(o) = o + 14. What is w(-19)?
-5
Let k(u) = -u**2 + 2*u - 4. What is k(0)?
-4
Let f(s) = -4*s - 9. Calculate f(-2).
-1
Let h(n) = -2*n**2 + 16*n - 4. Determine h(11).
-70
Let s(i) = -40*i**3 + i**2 + 4*i + 2. What is s(-1)?
39
Let v(a) = 2*a**3 - 5*a**2 + 6*a - 1. Give v(3).
26
Let o(z) = 4*z + 126. Calculate o(-31).
2
Let s(a) = -a**3 - 3*a**2 + 3*a + 4. What is s(-3)?
-5
Let y(f) = f**2 + 8*f + 19. What is y(-5)?
4
Let m(h) = -h**3 - 4*h**2 + 1. Calculate m(-4).
1
Let z(k) = -20*k - 386. Determine z(-20).
14
Let d(i) = -8*i - 6. Give d(-3).
18
Let h(j) = 12*j - 7. Calculate h(1).
5
Let s(y) = -46*y + 6. Determine s(1).
-40
Let w(f) = -f**3 - 8*f**2 - 9*f - 8. Calculate w(-6).
-26
Let t(h) = -h**3 + 6*h**2 + 11*h - 18. Calculate t(7).
10
Let z(q) = -q**2 - 6*q + 2. Determine z(-8).
-14
Let s(p) = -7*p - 1. What is s(-6)?
41
Let w(x) = -x**3 - 7*x**2 - x - 7. What is w(-7)?
0
Let u(l) = -3*l + 7. Determine u(-3).
16
Let k(s) = 4*s - 11. Calculate k(0).
-11
Let v(q) = q**2 - 8*q. What is v(8)?
0
Let g(t) = 7*t - 94. Determine g(13).
-3
Let y(k) = -k**3 + 18*k**2 + 2*k + 6. Calculate y(18).
42
Let v(c) = c**2 + 44*c + 354. Determine v(-34).
14
Let g(j) = 17*j + 94. What is g(-5)?
9
Let p(b) = -b**3 - 3. Calculate p(0).
-3
Let w(x) = -6*x + 4. What is w(3)?
-14
Let a(d) = -d**3 + 4*d**2 + 2*d + 7. Give a(3).
22
Let h(n) = -n**3 + 29*n**2 - 26*n - 45. Give h(28).
11
Let z(k) = -2*k - 2. Calculate z(3).
-8
Let b(g) = 9*g - 67. Give b(8).
5
Let c(n) = -n**3 + 2*n - 149. What is c(0)?
-149
Let m(w) = -w**3 - 5*w**2 + 7*w. Calculate m(4).
-116
Let f(w) = -9*w**2 - 2*w - 2. Give f(-2).
-34
Let b(m) = m**3 + 4*m**2 - m + 10. Give b(-4).
14
Let x(g) = 12*g + 141. What is x(-13)?
-15
Let s(r) = -r**2